).
-5
Let o(v) = 41*v + 3. Suppose -2*s = -4*d - 2, -34*s + 15 = -31*s. Give o(d).
85
Let k(c) = 9*c**3 - 16*c**2 - 45*c - 8. Let z(g) = -5*g**3 + 10*g**2 + 23*g + 4. Let t(r) = 4*k(r) + 7*z(r). Determine t(-8).
20
Let r(f) = 20*f - 12. Suppose 0 = -92*h + 46*h - 276. Determine r(h).
-132
Let c(v) = v**3 - 11*v**2 - 14*v + 15. Let y be (3 - -2) + 2 - (-252)/(-84). Suppose 933 = y*k + 885. Determine c(k).
-9
Let d(f) = -f**3 + 6*f**2 - 3*f. Suppose 5 = p - 0, -4*q - 4*p = 872. Let l = q - -228. What is d(l)?
10
Let v(a) = 28*a - 113*a + 34*a + 107 + 30*a + 27*a - a**2. What is v(-7)?
16
Suppose 2*r + 0*r - 26 = -h, -r = -4*h - 4. Let i be 4/r*3*2. Let j(q) = -3 - 2 - 1 + i - q. What is j(-7)?
3
Let o(i) be the second derivative of 1/3*i**3 - 32*i + 9/2*i**2 - 3. Give o(-8).
-7
Let m(c) = 3*c + 5 - 7*c + c - 19 + c**2. Let i be m(-11). Let d be i/84 + (-4)/6. Let q(w) = -7*w**2. Give q(d).
-7
Let p(j) = -2*j**2 - j + 4. Suppose -h - 12 = -2*r - 3, 0 = -4*h - 5*r + 3. What is p(h)?
-11
Let z(t) be the third derivative of -23*t**4/12 - 574*t**3/3 - 13*t**2 - t - 208. Calculate z(-25).
2
Let u(z) = -z**3 - 8*z**2 - 7*z - 10. Let l = -17 + 22. Suppose 2*b = -l*f - 254, -f + 26 = -2*b + 84. Let a = 45 + f. Determine u(a).
-10
Let o(v) = v**3 - 5*v**2 - 7*v. Let a = -14 + 20. Let i be o(a). Let h(r) = -r**2 - 6*r - 7. Determine h(i).
-7
Let s = -2490 + 4987/2. Let m(w) be the second derivative of 11*w + 0*w**3 + 0 + s*w**2 + 1/12*w**4. Determine m(0).
7
Suppose 3732*y - 3726*y - 36 = 0. Let t(p) = -p - 8. What is t(y)?
-14
Suppose 5*f - a - 3*a = 20, -2*f + 2*a = -8. Let i(d) = -6*d**2 - 30*d + 3. Let u be i(-4). Let q(y) = 73*y - 26*y + y**2 - 22*y - u*y. Calculate q(f).
8
Let d(b) be the second derivative of -b**4/6 - b**3/2 + b**2 - 5*b - 1224. Suppose h - 3*q + 9 = 3*h, 0 = 4*h + 4*q - 16. Give d(h).
-25
Let g(o) = -17*o**3 - o**2 - 2*o + 10. Let v(w) = -11*w**3 + w**2 - 3*w + 11. Let q(c) = 2*g(c) - 3*v(c). Determine q(-6).
-7
Suppose -66 = 1059*o - 1070*o. Let f = 15 + -13. Let l(q) = -8*q + 13 - 10 + 7*q**2 - f - q**3. What is l(o)?
-11
Let r(w) = 5*w + 12*w + 4 + 7*w - 10*w - 15*w. Give r(-9).
13
Let y(q) be the first derivative of q**4/12 + 7*q**3/6 + q**2/2 - 30. Let f(l) be the second derivative of y(l). Give f(-6).
-5
Suppose 3*r - 1 = -3*m - 46, m - 5*r - 15 = 0. Let i(d) = -d**2 - 12*d - 13. Let b be i(m). Let a(p) = -28*p - 5 - 24*p - 27*p + 84*p - 3. Give a(b).
27
Let c(h) = -h**3 + 5*h**2 + 5*h + 6. Let y = 76 - -13. Let t = -83 + y. Give c(t).
0
Let q(c) = c**2 + c + 8. Suppose 6*y = -l + y + 31, l + 1 = 3*y. Suppose -59 - l = -14*i. Suppose -20 = i*v + 5*j, 0*j = -3*j - 12. Calculate q(v).
8
Let r(k) = 7*k**2 + 3*k - 20. Let x(u) = 10*u**2 + 5*u - 29. Let m = 14 - 19. Let z(l) = m*x(l) + 7*r(l). Give z(-4).
5
Suppose 19*d - 59 - 55 = 0. Let w(g) be the first derivative of 9 - 1/2*g**2 + 3*g. Calculate w(d).
-3
Let w(i) = 1 + 2*i + 4 - 2. Let g be 1310/8 - 12/(-48). Let z = -170 + g. Calculate w(z).
-9
Suppose -16*n = -47 - 113. Let l(c) = -18 + 9*c**2 + 19 + 3*c - n*c**2. Let y = -2 - -6. Give l(y).
-3
Let y(z) = 5086 - 1691 - 2*z - 1701 - 1698 - 2*z**3. Determine y(3).
-64
Suppose 0*u = -5*u. Suppose 6*x + 2*b = x, -b - 5 = u. Let f(a) = 5 - 3*a - x + 2*a - 1. What is f(4)?
-2
Let g(a) = -a**3 + 2*a**2 - a + 1. Let s(c) = -4*c - 35. Let v be s(-10). Suppose -r = 3*n - 7*n - 8, -n = -v*r + 21. Calculate g(r).
-35
Let m = -201 + 213. Let q(j) = -j**3 + 12*j**2 + 2*j - 24. Let w be q(m). Let x(o) = o**2 + 2. Determine x(w).
2
Let m(v) = 16*v + 68. Suppose -5 - 27 = 8*r. Give m(r).
4
Suppose 82 + 71 = -9*k. Let g = k + 20. Let u(s) be the first derivative of -5*s**2/2 + 4*s + 23. Give u(g).
-11
Let k(o) = o - 6. Let d(z) = 22*z + 95. Suppose -2*x - 18 = 4*u, -2*u + 4*x = -u. Let i be d(u). Give k(i).
1
Suppose 4*l + l = 20. Let j(u) = -u**3 + 3*u**2 + 7*u - 10. Let r be j(l). Let f(s) = -5*s**2 - 1 + 79*s**3 - 5*s - r - 80*s**3. Calculate f(-4).
1
Let p(i) = 5882 + 5833 - 3*i - 11620 + 18*i. Calculate p(-5).
20
Let w(x) = x + 8. Let a be w(-6). Suppose 0 = -14*c - c + 45. Suppose 0 = -a*s - l - 2, -c = 2*s - 3*l - 9. Let v(p) = -p**3 - p**2 + p + 2. Determine v(s).
2
Let b(n) = 11*n - 94. Let p(s) = s**3 + 17*s**2 - 111*s - 13. Let r be p(-22). Calculate b(r).
5
Let a(o) be the third derivative of -o**5/12 + o**4/12 + o**3/3 + 404*o**2 - 1. Calculate a(-1).
-5
Let w(l) = l**2 + 4. Let x be (-3 - (2 - 4))*(19 + -24). Determine w(x).
29
Let f = -65 - -69. Let g(a) = -a**3 + 2*a**2 + 7*a - 3. Let y be g(f). Let o(t) = -t + 5. Give o(y).
12
Let f(a) = 2*a**2 - 5*a - 3. Suppose -p - 2*h = 1 + 2, -3*p + 4*h - 9 = 0. Let t(c) = 7*c**2 - 2 + c**2 - 9*c**2 + 3. Let o(z) = p*t(z) - f(z). What is o(-5)?
0
Let i(z) = z**2 + 31*z - 172. Let v be i(5). Let x(t) = -2*t - 7*t**2 - 2*t - 3*t - 5 + 13*t**3 - 12*t**3. What is x(v)?
3
Let m(j) = -j**3 + 11*j + 1. Suppose 154*n - 515 + 53 = 0. What is m(n)?
7
Let p(z) be the first derivative of -21*z**2/2 + 3*z + 20. Let s be p(-2). Let t = s - 34. Let b(a) = -a + 4. Determine b(t).
-7
Let r(i) = 197 - i**3 - 408 + 213. Let z be 1/((-3)/(-27)*3). Suppose 0 = z*v - 3*c + c, -3*c = -4*v. Calculate r(v).
2
Let q(i) = i**2 - 6*i + 3. Let d be -2 - (-3 - -9)*13/(-2). Let l be 33/(3/9*-3). Let y = d + l. Calculate q(y).
-5
Let l = 2 - 2. Let i = -3149 + 3157. Let h be l + (-1)/(4/i)*1. Let v(w) = 4*w. Give v(h).
-8
Let d(f) be the third derivative of 1/2*f**4 + 0 + 0*f - 3/20*f**5 - 1/120*f**6 + 106*f**2 + 1/2*f**3. Give d(-10).
-17
Suppose 2*v - 40 = 2*t, -4*t - 135 = -5*v - 36. Suppose 4*q - 34 = z, -v = 4*z - 11. Let k(y) = 2*y - 8. Give k(q).
8
Let s(m) = -20 - 411*m + 418*m - 44. What is s(8)?
-8
Let v = 495 + -493. Let c(h) = -4 - h**2 + 10*h - 3 - 2*h**v + 2*h**2. Give c(5).
18
Suppose -2*c = 2*p - 12, 2 + 16 = 3*c + 5*p. Suppose r = 3*r - c. Let a(w) = 26*w - 15*w - 9*w + 0*w - 40*w**3 + 2*w**2 + 39*w**3 - 2. Give a(r).
-5
Let f(a) = -a**3 - a**2 + 12*a - 30. Let d be 7 - 9*161/207. What is f(d)?
-30
Let c(x) = -x + 1. Let o(z) = z**2 + 2*z - 9. Let d be o(-5). Let i(b) = b**2 - 3*b. Let r be i(4). Suppose -d = -2*k + 4*u - 32, -r*k + 3 = 3*u. Give c(k).
4
Suppose -36*k + 33*k = -5*b - 37, 33 = 3*k - 3*b. Let o(y) = -y**2 + 6*y - 7. Let z(g) = -1. Let c(x) = -o(x) + z(x). Calculate c(k).
33
Let j(h) = -2*h**2 + 4*h + 5. Let x = 690 - 606. Let v be (-14)/(x/9)*(-4)/(-6). Calculate j(v).
-1
Let i be (-9 - -8)*(0 + 3). Let r(a) = 9*a + 37. What is r(i)?
10
Let v(i) = 40790*i - 29 - 20403*i - 20391*i. Give v(4).
-45
Let v = 3 + 1. Let r(m) = -2 + 18*m - 9*m - 1 - 8*m. Let o be r(v). Let t(q) = 12*q - 1. Give t(o).
11
Let k(b) be the third derivative of 0 + 0*b + 14*b**2 + 1/6*b**3 + 1/60*b**5 - 1/24*b**4. What is k(3)?
7
Let a(x) = -2*x - 13. Let m be ((-3)/(-2))/((-24)/16). Let v(p) = 8*p**3 + p**2 + 3*p + 4. Let n be v(m). Give a(n).
-1
Let j(b) be the second derivative of -b**5/20 - b**4/3 + 7*b**3/6 + 3*b**2/2 - 1511*b. Determine j(-5).
-7
Let s(h) = -2687*h + 16 + 12*h**2 - 13*h**2 + 2696*h. What is s(14)?
-54
Let y(x) = x + 4. Let c = 38 - -17. Suppose 6*k - c = -1. Suppose -3*m = -k + 24. Give y(m).
-1
Let t(k) = -3253 + 1621 + 1626 + k. What is t(-9)?
-15
Let z(r) = -2*r**2 + 67*r + 35. Let x be z(34). Let s be x/(3 - (-22)/(-8)). Let c(t) = t**2 - 5*t + 4. Calculate c(s).
0
Let r be (26/(-39))/((-2)/45). Suppose -3*a - 4 = -3*s - 61, 2*a = -s + 44. Let i = r - a. Let o(p) = -3*p - 5. What is o(i)?
13
Let b(r) = -3*r**2 - 6*r - 7. Let c(y) be the first derivative of -9*y**2/2 + 16*y + 270. Let v be c(2). Calculate b(v).
-7
Let z(g) = -3*g - 4. Suppose 569 = 5*x - 4*d + 7*d, 0 = -x - 3*d + 109. Let y = x + -111. Suppose y = 5*i + 24. Determine z(i).
8
Let z(k) be the third derivative of 10*k**2 + 0 + 0*k + 1/8*k**4 + 1/2*k**3. Let a(s) = s**3 - 15*s**2 + 13*s + 11. Let l be a(14). Determine z(l).
-6
Let y(j) = j**2 + 5*j - 1. Suppose -4*d = 5*d + 387. Let t = -45 - d. Let g(r) = 5*r + 4. Let b be g(t). Give y(b).
5
Suppose -h - 10 = o, -2*o - 4*h = 11 + 5. Let p = -7 + 17. Let s be (-3 - (-2 - -2)) + o + p. Let k(c) = c**2 + 6*c. Give k(s).
-5
Let o(k) = -882*k + 9*k**2 + 450*k + 7 - k**3 + 429*k. Give o(9).
-20
Let r(s) be the third derivative of 7/60*s**5 + 1/8*s**4 + 0*s + 2*s**2 - 17/6*s**3 -